 2*z(r). Let a be 6/8 - 19/4. Determine l(a).
3
Let i(d) be the first derivative of 17*d**3/6 + 7*d - 3. Let u(n) be the first derivative of i(n). Give u(1).
17
Let d(v) be the first derivative of 1 + 1/2*v**2 - 4*v. Determine d(4).
0
Let l(i) = i**2 + i. Suppose 5*g - 5 = 5. Suppose -3*y = -g*w + 11, 0 = -w + 6*w + 2*y + 1. Let t = w + 1. Determine l(t).
6
Let y(n) = 2*n**2 - 10*n + 7. Let i be y(6). Let u(x) = 2*x - x**2 + 21 - 4*x - i. Determine u(-3).
-1
Suppose 4*b - f - f - 12 = 0, 2*f = -2*b - 6. Suppose 2*k - 7 = b. Let l(u) = -2*u + 4. Calculate l(k).
-4
Let z = 2 - -4. Let c(w) be the third derivative of -w**6/120 + w**5/12 + 7*w**4/24 - 7*w**3/6 + 3*w**2. Give c(z).
-1
Let d(s) = -s**2 - 5*s + 7. Suppose -4 = -2*r - 0*r. Suppose 2 = -2*j + 5*k, -r*j - 5*k + 2*k - 18 = 0. Calculate d(j).
1
Let w = 3 - 2. Suppose -w = -4*d + j + 2, -j = -d. Let h(v) = 4*v**3. Give h(d).
4
Let n = 0 + 6. Suppose 5*c + 2*u - 6 = 0, -n = 2*c - 0*c - 2*u. Let y(r) = -r + 4. Give y(c).
4
Suppose 5*j - 5 = -3*u - 4, 3*u = 2*j - 13. Let z(q) = -1 + 3*q**j - 6*q**2 + 4*q**2 - 8*q + 2*q. What is z(6)?
-1
Let o = -8 - -9. Let g(q) = -q**3 - 5*q**2 + 4*q**2 + 4*q**2 - q + q**2 - o. Give g(4).
-5
Suppose 22 = r + 17. Let m(f) = f**2 - 6*f - 1. Give m(r).
-6
Let b(w) = 2*w + 7. Let r(f) = -f - 2. Let c be r(4). Give b(c).
-5
Let n(g) = 187 + 4*g**3 - 3*g**2 - 2*g - 3*g**3 - 181. What is n(4)?
14
Let g(y) = -y**2 + 4. Suppose -4*i = -0*i - 4*t + 8, t + 10 = -5*i. Let b = i - -2. Let a = 3 - b. Determine g(a).
-5
Let t(g) be the second derivative of g**3/3 - g**2/2 - g. Let v = 91 + -88. Give t(v).
5
Let c(w) = w + 3. Let f(m) = 1. Let z(q) = -c(q) + 3*f(q). Calculate z(6).
-6
Let k(n) = 4*n - 4*n - 2*n - 3 + 7. What is k(3)?
-2
Suppose 4*i + 6 = i. Let q(u) = 5*u**3 - u**2 + u + 1. Let m be q(-1). Let t be m - (-2 - i) - 0. Let l(z) = z**2 + 5*z - 1. Give l(t).
5
Let d(g) be the second derivative of -g**3/2 + g. Let m = 498 + -496. Calculate d(m).
-6
Let v be ((4 - 6)*1)/(-1). Let g(h) be the second derivative of -h**v + 1/6*h**3 + 0 + 3*h. Calculate g(-5).
-7
Let j be 2/(-7) + (-290)/14. Let z = j - -15. Let n(g) = g + 4. Calculate n(z).
-2
Let z(v) be the first derivative of -v**3/3 + 3*v**2 - 9*v - 8. Let h(k) = k**2 - 6*k + 10. Let t(u) = -2*h(u) - 3*z(u). Determine t(5).
2
Let s(a) = -2*a**3 + a + 4 + 3*a**2 + a - 4*a + 4*a. What is s(3)?
-17
Let k(a) = a**2 + 5*a - 5. Let g be k(-6). Let y(f) = 3*f + 3. Let c(o) = -o - 1. Let n(m) = g*y(m) + 2*c(m). Suppose v - 5 = 2*v. Calculate n(v).
-4
Let v(a) be the first derivative of -a**2/2 + 2*a - 3. Suppose -3*i + 10 = 1, -15 = -3*r - 5*i. Give v(r).
2
Let s = 153 - 154. Let c(v) be the first derivative of -5*v**4/2 + v**2 + v - 1. What is c(s)?
9
Let s(a) = a**2. Let h(o) = o**2 - 8*o - 7. Let v(l) = h(l) - 2*s(l). Determine v(-5).
8
Let v(y) be the first derivative of -y**7/840 + y**6/120 - y**5/120 - y**4/24 - 2*y**3 + 11. Let w(l) be the third derivative of v(l). What is w(3)?
-4
Let u(t) = -3*t - 8. Let p be u(-7). Let v = 5 - p. Let z = 5 + v. Let g(j) = -j**3 - 3*j**2 + 2*j + 4. Determine g(z).
-2
Let t(w) = -w**3 - 8*w**2 + 10*w + 13. Let f be t(-9). Let u(c) be the second derivative of -3*c + 1/2*c**2 - 1/2*c**3 + 0 + 1/12*c**f. What is u(4)?
5
Suppose -2*q + 5*q = 6. Let p = -2 + q. Let k(a) = -a + 4. What is k(p)?
4
Let u = -7 - -10. Let v(r) = -r**2 + 4*r**3 + 0*r**2 + 5 - 3*r**u. Calculate v(0).
5
Let m = -44 - -46. Let k(a) = -a + 3. Give k(m).
1
Let o(j) = -2*j**2 + 3*j + 3. Let b = 68 + -65. Calculate o(b).
-6
Let r be 3/(18/15)*-2. Let j be r*(-1 + -2 - -2). Let d(m) = -m**3 + 4*m**2 + 5*m - 3. What is d(j)?
-3
Let z(n) = 1 + 3 - 6 + n**3 + 4*n**2 - 4*n. Let o = 3 - -14. Suppose o = -x + 12. Determine z(x).
-7
Let o = 9 + -8. Let p(w) = w - 2*w + 8*w. Calculate p(o).
7
Let s(g) = -2*g - 6. Let x = 0 + 10. Suppose 5*b - 30 = x*b. Determine s(b).
6
Let s(m) = m**2 + 6*m - 1. Let r = 14 - 18. What is s(r)?
-9
Let c(s) = s - 1. Let r(a) = 4*a. Let d(q) = 6*c(q) - 2*r(q). Let g = 83 - 87. Give d(g).
2
Let p(q) = 9*q**2 + 9*q - 4. Let b(n) = -5*n**2 - 5*n + 2. Let a(z) = 11*b(z) + 6*p(z). Let v be 2/(-1) - 0 - 0. What is a(v)?
-4
Let n be 2/(-12) + 23/(-6). Let t = -2 - n. Let a(k) = -5*k + t*k + k + 1 + k**3. Give a(-2).
-3
Let w(k) = 9*k. Let y(j) = -4*j. Let p(c) = 2*w(c) + 5*y(c). Let g = -16 - -14. Determine p(g).
4
Suppose 9 + 3 = 4*u. Let g(y) = 3*y - 3*y**2 - 4*y + u*y**2 - 4*y**3. Give g(-1).
5
Let z = 11 - 13. Let f(a) = -3*a**2 + a - 1. Calculate f(z).
-15
Let g = 7 + -3. Let s(b) = g*b**3 + 3*b**3 - 2 + 3 - 2. Give s(1).
6
Let t(l) = -l**3 + 5*l**2 - 7. Suppose 9 = -o - 4. Suppose -1 = f + n - 23, 5*f - 3*n = 78. Let w = o + f. Determine t(w).
-7
Let k(m) = -7*m - 4. Let z(u) = 8*u + 3. Let w(n) = 7*k(n) + 6*z(n). Determine w(-6).
-4
Let n(k) = -2*k + 7. Let i(v) = -v**3 + 9*v**2 - 8*v + 4. Let o be i(8). Suppose 3*p - 4*t = -2*p + 22, -2*p + 4*t = -o. What is n(p)?
-5
Let s(p) = p - 9. Let y be s(6). Let z = y + 2. Let a(m) = 2 + 2*m + 3 - 6. Determine a(z).
-3
Let x(i) = -i**2 + i + 2. Let l(u) = -u**3 - 7*u**2 - 8*u - 7. Let j be l(-6). Let k(d) = d**2 + 11*d - 15. Let z be k(-12). Let a = j + z. What is x(a)?
0
Let a(b) = b**2 - b - 3. Let s(n) = n - 1. Suppose p - 6*p + 20 = 0. Let z be s(p). Suppose 5*y + 5 = 0, -h + 0*h = -z*y - 3. Calculate a(h).
-3
Let b(v) = -v + 7. Suppose y - 3*y = 0. Calculate b(y).
7
Let x be 416/24 - (-1)/(-3). Suppose -5*u = 4*q - 48, 5*q - 5*u - x = -2. Let h(c) = -c**2 + 7*c - 5. Calculate h(q).
-5
Let l(j) = -j + 4. Let f(k) = -k**3 + k**2 + k + 1. Let a be f(2). Let u(q) = -2*q**3 + 2*q + 1. Let b be u(a). Suppose 14 = 3*i - b. Determine l(i).
-1
Let g(l) = -2 + 2 - 5 - l. Let n be g(-7). Let i(x) = 3*x**2 + 2*x**2 - 3*x**n - 8*x - 3*x**2 - 3. Give i(-3).
12
Suppose 0 = -2*c - 4*u - 14, 5*c + 5*u + 20 = 2*c. Let y be 0 + (-12)/(c + 1). Let s(z) = -3*z. What is s(y)?
-9
Suppose -4*r - p = 45, -27 - 13 = 3*r + 2*p. Let f be (-4)/r + (-39)/(-15). Let v(a) = 4*a**2 - 3*a**3 + 0*a**3 - a**2 - 1 + 2*a**3 + 3*a. Give v(f).
8
Let g = 3 + 1. Suppose n + 3 = -5*f, g*f + 5*n + 1 - 7 = 0. Let u(o) = -2*o**2 + o. Calculate u(f).
-3
Suppose 3*m + 1 - 7 = 0. Let c be 7/((-14)/4)*m. Let i(g) = g**3 + 6*g**2 + 6*g + 1. Give i(c).
9
Let j(o) = -1 - o**2 + 10*o - 10*o + 3. Let z(b) = b - 9. Let u be z(7). What is j(u)?
-2
Let h(m) be the first derivative of -m**5/20 + 7*m**4/12 + 5*m**2/2 + 2*m - 7. Let y(t) be the first derivative of h(t). Give y(7).
5
Suppose -4*l + 16 = 0, 0*l + 5*l = 5*u + 30. Let q(r) = 7*r + 177 - 177 - 2*r. Calculate q(u).
-10
Let h(q) = q - 1. Let d = -15 + 9. What is h(d)?
-7
Suppose 11 = 4*r + 3. Let b(a) = 0*a**2 - 2*a**2 - a + 0*a**r + 0*a**2. What is b(1)?
-3
Let r(k) = 2*k + 3. Let z be r(-4). Let j be (-7)/z + (-8)/20. Let t(v) = -4*v - 2 + 2*v + 2 + j. Determine t(-5).
11
Let y(j) = 8*j - 2 + 1 - 4*j + 2*j. Give y(2).
11
Let o be (4 - (3 - 0)) + 2. Let s(c) = 15*c**o - 14*c**3 - c - c. Give s(-2).
-4
Let z(b) = -b - 2. Let r(v) = 1. Let w(h) = 2*r(h) + 3*z(h). Let g be (-1)/1 - 30/(-18)*3. What is w(g)?
-16
Let g(c) = c + 7. Suppose -3*h - 2*t + 10 = -21, -5*h + 49 = 2*t. Let w = 14 - h. Calculate g(w).
12
Let d(j) be the first derivative of j**6/360 - j**5/40 - j**4/6 + j**3/3 - 2. Let g(k) be the third derivative of d(k). Determine g(4).
0
Let m = 19 - 17. Let w(i) = -i + 1. Let d be w(-1). Let c = m + d. Let p(t) = t**3 - 4*t**2 + t - 3. Determine p(c).
1
Let o(n) = 0 + 0 + 5*n + 5 - 4 - n**2. What is o(6)?
-5
Let h be ((-8)/(-10))/((-16)/120). Let v(n) = -7*n - 1. Let u(t) = -8*t. Let x(p) = h*v(p) + 5*u(p). Determine x(-4).
-2
Let m(w) = -w + 5. Suppose z = v - z + 2, 4*v + 2*z + 18 = 0. Calculate m(v).
9
Let n = 5 + -4. Suppose -3*w = -4*w + n. Let r(g) = -5*g + 2*g**3 - w - 3*g**2 - g**3 + 2*g. Calculate r(3).
-10
Let z(r) be the first derivative of r**4/12 - 5*r**3/6 - 6*r - 6. Let i(a) be the first derivative of z(a). Determine i(5).
0
Let p(b) = -b**3 - 6*b**2 + 3*b + 1. Let d(f) = -7*f + 7. Let l(v) = v - 1. Let x(w) = 6*d(w) + 39*l(w). Let n be x(3). Calculate p(n).
-17
Let a be (-26)/6 + (-2)/3. Let u(m) be the first derivative of m**2/2 + 7*m - 10. Determine u(a).
2
Let c be (-25)/(-4) - (-2)/(-8). Let i(j) = -6*j**2 - 35*j 